the prime factors of o/(-6)*(5 - l).
11
Suppose -4*q + 7*v = 3*v - 2052, -5*q = v - 2589. What are the prime factors of q?
11, 47
Let h be (7/(-3))/((-995)/330 + 3). Suppose -11*u + 231 + h = 0. What are the prime factors of u?
5, 7
Let g = 67 + 117. List the prime factors of g.
2, 23
Let y be (71/2)/((-1)/2). Let v = -43 - y. List the prime factors of v/(-3)*36/(-14).
2, 3
Suppose 0 = 3*f + 3*j - 2820, -12*f + 4740 = -7*f - 3*j. List the prime factors of f.
3, 5, 7
Let x(z) = -84*z + 95. List the prime factors of x(-7).
683
Let a(n) = 3*n**2 + 7*n + 25. What are the prime factors of a(-5)?
5, 13
Let f = -1049 + 2379. List the prime factors of f.
2, 5, 7, 19
Let k be ((-5)/4)/(1/4). List the prime factors of (0 - (-5)/k) + 52.
3, 17
What are the prime factors of 221/((-5)/(30/(-3)))?
2, 13, 17
Suppose 2 = -2*d + 6. Suppose 0 = -5*y - d*a + 2 - 0, -y = 3*a - 3. What are the prime factors of 3/((-3)/(-20) - y)?
2, 5
Suppose 2*k - 4*k + 2*w = -6, 0 = -3*k - 2*w + 24. Suppose -2*y + k*y - 2*f = 0, -5*y = 4*f - 26. What are the prime factors of 29 - (-8)/y - -4?
37
Suppose -5*j + 5 = -0*j, 3*j = -k - 8. Let f be k - (-6)/9*3. Let s = f + 36. What are the prime factors of s?
3
What are the prime factors of (443/(-2))/(13/(-26))?
443
Let m be 1/(3/(-15)*-5). What are the prime factors of m*6/(-3) - (-113 - -1)?
2, 5, 11
Suppose -7*t - 208 = -10*t + 5*i, -t + 5*i = -86. What are the prime factors of t?
61
Suppose 30621 = 8*w + 2333. What are the prime factors of w?
2, 13, 17
Suppose -366 = -3*g - 3*s, -29*g + 34*g + s = 630. List the prime factors of g.
127
Let t(p) be the second derivative of 5*p**3/3 + 6*p**2 + 8*p. What are the prime factors of t(5)?
2, 31
Let u(n) = -8*n + 4. Let k be u(3). Let b be 0 + 9 - k/(-5). Suppose b*m + 3*w = 240, -5*m - w + 15 + 225 = 0. List the prime factors of m.
2, 3
Suppose -5*q + 0*q = -85. Let n = 23 - q. List the prime factors of n.
2, 3
Let l(a) = 2*a**2 - 7*a + 10. Let p be l(12). Suppose -6*k - p = -868. What are the prime factors of k?
109
Let p = 370 + 203. What are the prime factors of p?
3, 191
List the prime factors of 3/(9/22)*990/20.
3, 11
Suppose -4*s = -3*k - 5*s + 6973, -2*k + 4677 = -5*s. What are the prime factors of k?
2, 1163
Suppose 6*a = 7*a + 231. Let u be a/7 + 0 + 1. What are the prime factors of (-16)/(-72) + u/(-18)?
2
Suppose 703 = -16*y + 53*y. List the prime factors of y.
19
Let x(k) = k**2 + 5*k - 17. Let h be 3*(0 + (-10)/(-3) + 0). List the prime factors of x(h).
7, 19
Let b(j) = j**3 + 3*j**2 - 3*j - 12. Let a be (-20)/5*(6/3)/(-2). List the prime factors of b(a).
2, 11
Let m(w) be the third derivative of 7*w**6/8 + w**5/60 + w**4/24 - 6*w**2. List the prime factors of m(1).
107
Suppose -i + 5*j + 2995 = 0, 26*i - 31*i - 2*j + 14840 = 0. What are the prime factors of i?
2, 3, 5, 11
Let q(g) = 3*g**3 + g**2 - g + 1. Let v be q(1). Suppose -5*c + 0*u + 375 = -5*u, v*c + 2*u = 330. List the prime factors of c.
2, 5
Let x(u) = -141*u + 482. List the prime factors of x(-25).
4007
Let l(j) = -2*j**3 - j**2 - 5*j - 1. Let p be l(-2). Suppose 2*z - p = 11. What are the prime factors of z?
2
Let j(x) = x**2 + 10*x - 43. Let r be 9 + -12 + (-1 - 15 - -1). What are the prime factors of j(r)?
101
Let l = 6 + -8. Let s be -2 + (l + 26)/(-3). Let g(d) = -d**3 - 9*d**2 + 8*d - 8. List the prime factors of g(s).
2, 3
Suppose 3*t = -49 - 29. Let v = t + 59. What are the prime factors of v?
3, 11
Suppose 2*q - 995 = -2*i - i, 4*q - 666 = -2*i. Suppose -4*n + 3*r + i = 0, 3*n - 247 = -0*n + r. What are the prime factors of n?
2, 41
Let z(j) = j**3 + 12*j**2 + 5*j - 5. Let l be z(-12). List the prime factors of ((-32)/(-10))/((-26)/l).
2
Let b be 5 + -7 + (-4)/(-1). Let w(y) = 22*y**2 - y + 3. List the prime factors of w(b).
89
Let m(n) be the first derivative of -n**3/3 - 7*n**2/2 - 5*n - 3. Suppose a + 22 + 2 = -4*p, -3*p = -3*a + 3. What are the prime factors of m(p)?
5
Let q(x) = 21*x + 1. Let s be q(5). Suppose 28 = 2*g - s. What are the prime factors of g?
67
Let d(b) = -18*b + 1. Let s be 0 + 3 + (-2)/2. Let i be d(s). What are the prime factors of 9/1*i/(-15)?
3, 7
Let r(t) = 179*t**2 + 16*t - 13. List the prime factors of r(3).
2, 823
Suppose 2*j + 4 = 0, -3*j - 178 = -6*s + 2*s. Let q = s - -1. List the prime factors of q.
2, 11
Let z(y) = 35*y + 20. List the prime factors of z(10).
2, 5, 37
What are the prime factors of 5496/21 + ((-58)/(-7) - 8)?
2, 131
Let t be (3 - 5) + -11*12. Let a = t + 380. What are the prime factors of a?
2, 3, 41
Let p(c) = -178*c + 3681. List the prime factors of p(0).
3, 409
Let j = 53 - 42. Let l(t) = -t**2 + 10*t + 27. What are the prime factors of l(j)?
2
Let b = 155 + 102. What are the prime factors of b?
257
Let j = -31 - -17. Let o = 12 + j. What are the prime factors of (o - -12)/(-3 + 5)?
5
Suppose -j + 685 = -2*b, -4*b + 355 = -j + 1044. What are the prime factors of j?
3, 227
Let p = 90 + 169. Suppose -p = -10*u + 381. What are the prime factors of u?
2
List the prime factors of (-3 - 52/(-16))/((-4)/(-64912)).
4057
Let c(n) be the third derivative of 7*n**4/4 + 4*n**3/3 + 14*n**2. What are the prime factors of c(2)?
2, 23
Suppose 5*w = 1 + 19. Suppose -w*p - 2*s + 46 = 0, -s - 3 = p - 17. List the prime factors of p.
3
Let g(r) = -r**3 + 9*r**2 + 12*r - 21. What are the prime factors of g(-11)?
2267
Suppose -k = 4*k + 20. Suppose -61 = -3*y + 23. Let a = y + k. What are the prime factors of a?
2, 3
Let d(i) = i + 1. Let z be d(7). What are the prime factors of (150/z)/(1 + (-15)/24)?
2, 5
Let x(i) = 17*i**2 - 7*i. List the prime factors of x(5).
2, 3, 5, 13
Suppose 4*b + 8 = -0*b, 2*b - 21 = -5*g. Let l(c) = c - 1. Let s be l(4). Suppose s*f + g*f = 584. What are the prime factors of f?
73
Suppose 0*a - 99 = -5*a - 2*l, -3 = l. List the prime factors of 8/28 + 2 + 1611/a.
79
Suppose -3*u - 6 = -0*u. Let n(d) = -d - 6. Let v be n(-9). What are the prime factors of (v + u*18)*-1?
3, 11
Let f(v) = -8*v - 5. Let l(i) = 25*i + 14. Let t(y) = 8*f(y) + 3*l(y). What are the prime factors of t(4)?
2, 23
Let l(w) = w**3 - 8*w**2 + w + 3. Let p be l(8). Let a = -5 - p. Let r = 49 + a. List the prime factors of r.
3, 11
Suppose 0*g + g - 2232 = -i, -2*g - i = -4459. List the prime factors of g.
17, 131
Let t(b) = -2*b + 24. Let z be t(10). Suppose 0 = 4*u + u - 4*y - 285, 163 = 3*u - z*y. List the prime factors of u.
61
Suppose -19 = -t + 2*h, h + 77 = 4*t - 20. Let p = -9 + t. What are the prime factors of 4/p + (-126)/(-8)?
2
Suppose c - 3 = 2. Suppose 2*t + 83 = -c. Let i = 62 + t. List the prime factors of i.
2, 3
Let s = 990 - -1217. What are the prime factors of s?
2207
Let p = 11 - 3. Suppose 0*b + 2*l - p = -b, -3*b = l - 9. Suppose 3*s - 53 = -k, 0 = b*k - 3*k + 2. What are the prime factors of s?
17
Let k(s) = -41*s**2 + 2*s + 13. Let j(g) = -21*g**2 + g + 7. Let i(o) = 5*j(o) - 3*k(o). Let x be (-3 + (-21)/(-9))*-3. What are the prime factors of i(x)?
2, 3, 11
Let t = 3924 + -1767. What are the prime factors of t?
3, 719
Suppose 2*n - 9 + 1 = 0. Suppose -f + n = -0. Suppose f*z - 120 = -4. List the prime factors of z.
29
Suppose 5*r + 3*s = -138, 5*r - 5*s + 130 = -0*r. Let q = r - -49. What are the prime factors of q?
2, 11
Suppose f + 8888 = 12*f. What are the prime factors of f?
2, 101
Let m(i) = 2*i**2 + 10*i + 18. Suppose -5*t - 16 = 4. List the prime factors of m(t).
2, 5
What are the prime factors of 1224/(-16)*(58 + 2)/(-5)?
2, 3, 17
Let x(n) = -274*n + 74. List the prime factors of x(-5).
2, 19
Let r(j) = 29*j + 38. Let a be r(13). Let f = a - 201. What are the prime factors of f?
2, 107
Suppose -33 - 153 = -3*j. List the prime factors of j.
2, 31
Let r(a) = -6*a - 6. Let z be r(11). Let b = z + 35. Let y = b + 79. List the prime factors of y.
2, 3, 7
Let h(b) = 4*b + 181. List the prime factors of h(-37).
3, 11
Suppose y + 4 = 6, 3*y = 5*g - 549. What are the prime factors of g?
3, 37
Let i(a) = -a + 11. Let v be i(7). Let n = v + -6. What are the prime factors of (3 + -5)/(n/9)?
3
Let s = 24 + -89. List the prime factors of 3707/13 - -2*5/s.
3, 5, 19
Let f(j) = -4*j**3 - 3 + j**2 + 1 + 3*j**3 + j. Let c be f(0). List the prime factors of c + 15 - 3/(-1).
2
Suppose -6*p + 21 + 3 = 0. Suppose -490 = -5*f - 4*m, p*m + 196 = 2*f + 2*m. List t